{"id":529,"date":"2015-04-20T11:50:56","date_gmt":"2015-04-20T11:50:56","guid":{"rendered":"http:\/\/welfare.cmsmasters.net\/?page_id=529"},"modified":"2020-06-20T22:24:57","modified_gmt":"2020-06-20T20:24:57","slug":"about-me","status":"publish","type":"page","link":"https:\/\/global-texture.com\/?page_id=529","title":{"rendered":"About me"},"content":{"rendered":"<div id=\"cmsmasters_row_iil1z7a1ka\" class=\"cmsmasters_row cmsmasters_color_scheme_default cmsmasters_row_top_default cmsmasters_row_bot_default cmsmasters_row_boxed\">\n<div class=\"cmsmasters_row_outer_parent\">\n<div class=\"cmsmasters_row_overlay\"><\/div>\n<div class=\"cmsmasters_row_outer\">\n<div class=\"cmsmasters_row_inner\">\n<div class=\"cmsmasters_row_margin\">\n<div id=\"cmsmasters_column_235yxw20tv\" class=\"cmsmasters_column one_first\">\n<div class=\"cmsmasters_column_inner\"><div id=\"cmsmasters_heading_3av90vgoaw\" class=\"cmsmasters_heading_wrap cmsmasters_heading_align_center\">\n\t<h2 class=\"cmsmasters_heading\">About me<\/h2>\n<\/div>\n<\/div><\/div>\n<\/div>\n<\/div>\n<\/div>\n<\/div>\n<\/div>\n<div id=\"cmsmasters_row_ql4f78ir2\" class=\"cmsmasters_row cmsmasters_color_scheme_default cmsmasters_row_top_default cmsmasters_row_bot_default cmsmasters_row_boxed\">\n<div class=\"cmsmasters_row_outer_parent\">\n<div class=\"cmsmasters_row_outer\">\n<div class=\"cmsmasters_row_inner\">\n<div class=\"cmsmasters_row_margin\">\n<div id=\"cmsmasters_column_lkbwwpxi5i\" class=\"cmsmasters_column one_first\">\n<div class=\"cmsmasters_column_inner\"><div id=\"cmsmasters_heading_rktqfvcoyn\" class=\"cmsmasters_heading_wrap cmsmasters_heading_align_left\">\n\t<h5 class=\"cmsmasters_heading\">About me<\/h5>\n<\/div>\n<\/div><\/div>\n<\/div>\n<\/div>\n<\/div>\n<\/div>\n<\/div>\n<div id=\"cmsmasters_row_t1ckutsnxk\" class=\"cmsmasters_row cmsmasters_color_scheme_default cmsmasters_row_top_default cmsmasters_row_bot_default cmsmasters_row_boxed\">\n<div class=\"cmsmasters_row_outer_parent\">\n<div class=\"cmsmasters_row_outer\">\n<div class=\"cmsmasters_row_inner\">\n<div class=\"cmsmasters_row_margin cmsmasters_row_columns_behavior\">\n<div id=\"cmsmasters_column_iwglb4vt8\" class=\"cmsmasters_column one_half\">\n<div class=\"cmsmasters_column_inner\"><div class=\"cmsmasters_img  cmsmasters_image_n\"><img decoding=\"async\" src=\"https:\/\/global-texture.com\/wp-content\/uploads\/2020\/05\/beatriz_schaaf_giesser_1.jpg\" \/><\/div><div id=\"cmsmasters_heading_khhkg4pran\" class=\"cmsmasters_heading_wrap cmsmasters_heading_align_left\">\n\t<h2 class=\"cmsmasters_heading\">Beatriz Schaaf-Giesser<\/h2>\n<\/div>\n<\/div><\/div>\n<div id=\"cmsmasters_column_4ncajv1q\" class=\"cmsmasters_column one_half\">\n<div class=\"cmsmasters_column_inner\"><div class=\"cmsmasters_text\">\n<p>\u201eNicht nur das Erleben der Herstellungsprozesse, sondern auch das Entdecken, Erforschen und Einsetzen textiler Materialien und Techniken zum Zweck k\u00fcnstlerischen Ausdrucks \u2013 sind Antrieb meiner Arbeit\u201c.<\/p>\n<p>Mein k\u00fcnstlerischer Werdegang wird inhaltlich stark beeinflusst durch die Migrationsgeschichte meiner Familie und das Pendeln zwischen Uruguay und Deutschland, einem Leben zwischen zwei Mentalit\u00e4ten, zwei Welten.<\/p>\n<p>Regelm\u00e4\u00dfig Beteilige ich mich an Internationalen Textilkunst Biennalen.<\/p>\n<p>2009 erhielt ich den 1. Preis f\u00fcr die Arbeit \u201eBewahren\u201c, bei der 5. Bienal Internacional de Arte Textil, WTA, in Buenos Aires, Argentinien<\/p>\n<p>2017 war ich als Gastk\u00fcnstlerin mit der Installation \u201e \u201elo obvio y lo escondido\u201c, bei der \u00a0VII. Bienal Internacional de Arte Textil Contempor\u00e1neo WTA,\u00a0 Montevideo, Uruguay, eingeladen.<\/p>\n<p>Als K\u00fcnstlerin, Dozentin und Kuratorin ist es mir ein gro\u00dfes Anliegen, nicht nur mein Wissen weiter zu geben, sondern auch die Textilkunst, in der Welt der Kunst, \u00a0aus der \u201eHandarbeits- und Bastelecke\u201c zu holen. Die Organisation von Ausstellungen, Workshops im In-und Ausland\u00a0 und einzelne Projekte sind Teil dieses Bem\u00fchens.<\/p>\n<p>&nbsp;<\/p>\n<p>&#8222;Not only experiencing the manufacturing processes, but also discovering, exploring and using textile materials and techniques for the purpose of artistic expression &#8211; are the driving force behind my work\u201c.<\/p>\n<p>As an artist, lecturer and curator, it is a great concern of mine not only to pass on my knowledge, but also to take textile art, in the world of art, out of the &#8222;handicraft and craft corner&#8220;. The organisation of exhibitions, workshops at home and abroad and individual projects are part of this endeavour.<\/p>\n<p>&nbsp;<\/p>\n<p>&#8222;No s\u00f3lo vivir los procesos de creaci\u00f3n, sino tambi\u00e9n descubrir, investigar y utilizar los materiales y t\u00e9cnicas textiles para la expresi\u00f3n art\u00edstica &#8211; son la fuerza impulsora de mi trabajo.<\/p>\n<p>Como artista, docente y curadora, me es muy importante no s\u00f3lo transmitir mis conocimientos, sino tambi\u00e9n sacar el arte textil del &#8222;rinc\u00f3n de la manualidad y la artesan\u00eda&#8220; en el mundo del arte.<\/p>\n<p>La organizaci\u00f3n de exposiciones, talleres en el pa\u00eds y en el extranjero y proyectos individuales forman parte de este esfuerzo.<\/p>\n<\/div>\n<div id=\"cmsmasters_divider_1v5i4t6z3j\" class=\"cl\"><\/div>\n<div class=\"cmsmasters_img  cmsmasters_image_n\"><img decoding=\"async\" src=\"https:\/\/global-texture.com\/wp-content\/uploads\/2020\/05\/beatriz_schaaf_giesser_2.jpg\" \/><\/div>\n<\/div><\/div>\n<\/div>\n<\/div>\n<\/div>\n<\/div>\n<\/div>\n<div id=\"cmsmasters_row_154i4dyp0h\" class=\"cmsmasters_row cmsmasters_color_scheme_first cmsmasters_row_top_default cmsmasters_row_bot_default cmsmasters_row_boxed\">\n<div class=\"cmsmasters_row_outer_parent\">\n<div class=\"cmsmasters_row_outer\">\n<div class=\"cmsmasters_row_inner\">\n<div class=\"cmsmasters_row_margin\">\n<div id=\"cmsmasters_column_8rhy5r5zd9\" class=\"cmsmasters_column one_first\">\n<div class=\"cmsmasters_column_inner\"><div id=\"cmsmasters_heading_qh6l0608zq\" class=\"cmsmasters_heading_wrap cmsmasters_heading_align_left\">\n\t<h5 class=\"cmsmasters_heading\">Artists \/ K\u00fcnstler<\/h5>\n<\/div>\n<div class=\"cmsmasters_posts_slider cmsmasters_posts_slider_project\"  data-animation=\"fadeInUp\" data-delay=\"0\">\r\n\t\t<div id=\"cmsmasters_slider_toc6nk4to\" class=\"cmsmasters_owl_slider owl-carousel\" data-items=\"4\" data-single-item=\"false\" data-auto-play=\"5000\" data-pagination=\"false\"><div class=\"cmsmasters_owl_slider_item\"><!-- Start Posts Slider Project Article -->\r\n<article id=\"post-15298\" class=\"cmsmasters_slider_project post-15298 project type-project status-publish format-standard has-post-thumbnail hentry pj-categs-global-texture pj-tags-germany\">\r\n\t<div class=\"cmsmasters_slider_project_outer\">\r\n\t<figure class=\"cmsmasters_img_rollover_wrap preloader\"><img loading=\"lazy\" decoding=\"async\" width=\"1200\" height=\"1196\" src=\"https:\/\/global-texture.com\/wp-content\/uploads\/2020\/06\/Gesamt.jpg\" class=\"full-width wp-post-image\" alt=\"Kindheitserinnerung\" title=\"Kindheitserinnerung\" srcset=\"https:\/\/global-texture.com\/wp-content\/uploads\/2020\/06\/Gesamt.jpg 1200w, https:\/\/global-texture.com\/wp-content\/uploads\/2020\/06\/Gesamt-150x150.jpg 150w, https:\/\/global-texture.com\/wp-content\/uploads\/2020\/06\/Gesamt-300x300.jpg 300w, https:\/\/global-texture.com\/wp-content\/uploads\/2020\/06\/Gesamt-768x765.jpg 768w, https:\/\/global-texture.com\/wp-content\/uploads\/2020\/06\/Gesamt-1024x1021.jpg 1024w, https:\/\/global-texture.com\/wp-content\/uploads\/2020\/06\/Gesamt-180x180.jpg 180w, https:\/\/global-texture.com\/wp-content\/uploads\/2020\/06\/Gesamt-580x578.jpg 580w, https:\/\/global-texture.com\/wp-content\/uploads\/2020\/06\/Gesamt-860x857.jpg 860w, https:\/\/global-texture.com\/wp-content\/uploads\/2020\/06\/Gesamt-1160x1156.jpg 1160w, https:\/\/global-texture.com\/wp-content\/uploads\/2020\/06\/Gesamt-600x598.jpg 600w, https:\/\/global-texture.com\/wp-content\/uploads\/2020\/06\/Gesamt-100x100.jpg 100w\" sizes=\"(max-width: 1200px) 100vw, 1200px\" \/><div class=\"cmsmasters_img_rollover\"><a href=\"https:\/\/global-texture.com\/?project=kindheitserinnerung\" title=\"Kindheitserinnerung\" class=\"cmsmasters_open_link\"><\/a><\/div><\/figure>\t<\/div>\r\n<\/article>\r\n<!-- Finish Posts Slider Project Article -->\r\n\r\n<\/div><div class=\"cmsmasters_owl_slider_item\"><!-- Start Posts Slider Project Article -->\r\n<article id=\"post-15561\" class=\"cmsmasters_slider_project post-15561 project type-project status-publish format-standard has-post-thumbnail hentry pj-categs-global-texture pj-tags-germany\">\r\n\t<div class=\"cmsmasters_slider_project_outer\">\r\n\t<figure class=\"cmsmasters_img_rollover_wrap preloader\"><img loading=\"lazy\" decoding=\"async\" width=\"1200\" height=\"900\" src=\"https:\/\/global-texture.com\/wp-content\/uploads\/2020\/06\/P1060950.jpg\" class=\"full-width wp-post-image\" alt=\"Seen!Sucht\" title=\"Seen!Sucht\" srcset=\"https:\/\/global-texture.com\/wp-content\/uploads\/2020\/06\/P1060950.jpg 1200w, https:\/\/global-texture.com\/wp-content\/uploads\/2020\/06\/P1060950-300x225.jpg 300w, https:\/\/global-texture.com\/wp-content\/uploads\/2020\/06\/P1060950-768x576.jpg 768w, https:\/\/global-texture.com\/wp-content\/uploads\/2020\/06\/P1060950-1024x768.jpg 1024w, https:\/\/global-texture.com\/wp-content\/uploads\/2020\/06\/P1060950-580x435.jpg 580w, https:\/\/global-texture.com\/wp-content\/uploads\/2020\/06\/P1060950-860x645.jpg 860w, https:\/\/global-texture.com\/wp-content\/uploads\/2020\/06\/P1060950-1160x870.jpg 1160w, https:\/\/global-texture.com\/wp-content\/uploads\/2020\/06\/P1060950-600x450.jpg 600w\" sizes=\"(max-width: 1200px) 100vw, 1200px\" \/><div class=\"cmsmasters_img_rollover\"><a href=\"https:\/\/global-texture.com\/?project=seensucht\" title=\"Seen!Sucht\" class=\"cmsmasters_open_link\"><\/a><\/div><\/figure>\t<\/div>\r\n<\/article>\r\n<!-- Finish Posts Slider Project Article -->\r\n\r\n<\/div><div class=\"cmsmasters_owl_slider_item\"><!-- Start Posts Slider Project Article -->\r\n<article id=\"post-15884\" class=\"cmsmasters_slider_project post-15884 project type-project status-publish format-standard has-post-thumbnail hentry pj-categs-global-texture pj-tags-germany\">\r\n\t<div class=\"cmsmasters_slider_project_outer\">\r\n\t<figure class=\"cmsmasters_img_rollover_wrap preloader\"><img loading=\"lazy\" decoding=\"async\" width=\"1612\" height=\"1711\" src=\"https:\/\/global-texture.com\/wp-content\/uploads\/2021\/03\/PXL_20210213_103113121.jpg\" class=\"full-width wp-post-image\" alt=\"Handarbeit\" title=\"Handarbeit\" srcset=\"https:\/\/global-texture.com\/wp-content\/uploads\/2021\/03\/PXL_20210213_103113121.jpg 1612w, https:\/\/global-texture.com\/wp-content\/uploads\/2021\/03\/PXL_20210213_103113121-283x300.jpg 283w, https:\/\/global-texture.com\/wp-content\/uploads\/2021\/03\/PXL_20210213_103113121-768x815.jpg 768w, https:\/\/global-texture.com\/wp-content\/uploads\/2021\/03\/PXL_20210213_103113121-965x1024.jpg 965w, https:\/\/global-texture.com\/wp-content\/uploads\/2021\/03\/PXL_20210213_103113121-580x616.jpg 580w, https:\/\/global-texture.com\/wp-content\/uploads\/2021\/03\/PXL_20210213_103113121-860x913.jpg 860w, https:\/\/global-texture.com\/wp-content\/uploads\/2021\/03\/PXL_20210213_103113121-1160x1231.jpg 1160w, https:\/\/global-texture.com\/wp-content\/uploads\/2021\/03\/PXL_20210213_103113121-1320x1401.jpg 1320w, https:\/\/global-texture.com\/wp-content\/uploads\/2021\/03\/PXL_20210213_103113121-600x637.jpg 600w\" sizes=\"(max-width: 1612px) 100vw, 1612px\" \/><div class=\"cmsmasters_img_rollover\"><a href=\"https:\/\/global-texture.com\/?project=handarbeit\" title=\"Handarbeit\" class=\"cmsmasters_open_link\"><\/a><\/div><\/figure>\t<\/div>\r\n<\/article>\r\n<!-- Finish Posts Slider Project Article -->\r\n\r\n<\/div><div class=\"cmsmasters_owl_slider_item\"><!-- Start Posts Slider Project Article -->\r\n<article id=\"post-15950\" class=\"cmsmasters_slider_project post-15950 project type-project status-publish format-standard has-post-thumbnail hentry pj-categs-global-texture pj-tags-germany\">\r\n\t<div class=\"cmsmasters_slider_project_outer\">\r\n\t<figure class=\"cmsmasters_img_rollover_wrap preloader\"><img loading=\"lazy\" decoding=\"async\" width=\"900\" height=\"1200\" src=\"https:\/\/global-texture.com\/wp-content\/uploads\/2021\/04\/Hauptbild-2.jpg\" class=\"full-width wp-post-image\" alt=\"CORONA   e   s u d a r i i s   f a c t a\" title=\"CORONA   e   s u d a r i i s   f a c t a\" srcset=\"https:\/\/global-texture.com\/wp-content\/uploads\/2021\/04\/Hauptbild-2.jpg 900w, https:\/\/global-texture.com\/wp-content\/uploads\/2021\/04\/Hauptbild-2-225x300.jpg 225w, https:\/\/global-texture.com\/wp-content\/uploads\/2021\/04\/Hauptbild-2-768x1024.jpg 768w, https:\/\/global-texture.com\/wp-content\/uploads\/2021\/04\/Hauptbild-2-580x773.jpg 580w, https:\/\/global-texture.com\/wp-content\/uploads\/2021\/04\/Hauptbild-2-860x1147.jpg 860w, https:\/\/global-texture.com\/wp-content\/uploads\/2021\/04\/Hauptbild-2-600x800.jpg 600w\" sizes=\"(max-width: 900px) 100vw, 900px\" \/><div class=\"cmsmasters_img_rollover\"><a href=\"https:\/\/global-texture.com\/?project=corona-e-sudari-is-facta\" title=\"CORONA   e   s u d a r i i s   f a c t a\" class=\"cmsmasters_open_link\"><\/a><\/div><\/figure>\t<\/div>\r\n<\/article>\r\n<!-- Finish Posts Slider Project Article -->\r\n\r\n<\/div><div class=\"cmsmasters_owl_slider_item\"><!-- Start Posts Slider Project Article -->\r\n<article id=\"post-15183\" class=\"cmsmasters_slider_project post-15183 project type-project status-publish format-standard has-post-thumbnail hentry pj-categs-global-texture pj-tags-germany\">\r\n\t<div class=\"cmsmasters_slider_project_outer\">\r\n\t<figure class=\"cmsmasters_img_rollover_wrap preloader\"><img loading=\"lazy\" decoding=\"async\" width=\"990\" height=\"961\" src=\"https:\/\/global-texture.com\/wp-content\/uploads\/2020\/05\/Claudia-Taschentuch-grau-2.jpeg\" class=\"full-width wp-post-image\" alt=\"Gestern &#8211; heute &#8211; morgen\" title=\"Gestern &#8211; heute &#8211; morgen\" srcset=\"https:\/\/global-texture.com\/wp-content\/uploads\/2020\/05\/Claudia-Taschentuch-grau-2.jpeg 990w, https:\/\/global-texture.com\/wp-content\/uploads\/2020\/05\/Claudia-Taschentuch-grau-2-300x291.jpeg 300w, https:\/\/global-texture.com\/wp-content\/uploads\/2020\/05\/Claudia-Taschentuch-grau-2-768x746.jpeg 768w, https:\/\/global-texture.com\/wp-content\/uploads\/2020\/05\/Claudia-Taschentuch-grau-2-580x563.jpeg 580w, https:\/\/global-texture.com\/wp-content\/uploads\/2020\/05\/Claudia-Taschentuch-grau-2-860x835.jpeg 860w, https:\/\/global-texture.com\/wp-content\/uploads\/2020\/05\/Claudia-Taschentuch-grau-2-600x582.jpeg 600w\" sizes=\"(max-width: 990px) 100vw, 990px\" \/><div class=\"cmsmasters_img_rollover\"><a href=\"https:\/\/global-texture.com\/?project=gestern-heute-morgen\" title=\"Gestern &#8211; heute &#8211; morgen\" class=\"cmsmasters_open_link\"><\/a><\/div><\/figure>\t<\/div>\r\n<\/article>\r\n<!-- Finish Posts Slider Project Article -->\r\n\r\n<\/div><div class=\"cmsmasters_owl_slider_item\"><!-- Start Posts Slider Project Article -->\r\n<article id=\"post-15084\" class=\"cmsmasters_slider_project post-15084 project type-project status-publish format-standard has-post-thumbnail hentry pj-categs-global-texture pj-tags-usa\">\r\n\t<div class=\"cmsmasters_slider_project_outer\">\r\n\t<figure class=\"cmsmasters_img_rollover_wrap preloader\"><img loading=\"lazy\" decoding=\"async\" width=\"2016\" height=\"1512\" src=\"https:\/\/global-texture.com\/wp-content\/uploads\/2020\/05\/image0-Kopie.jpeg\" class=\"full-width wp-post-image\" alt=\"Grateful\" title=\"Grateful\" srcset=\"https:\/\/global-texture.com\/wp-content\/uploads\/2020\/05\/image0-Kopie.jpeg 2016w, https:\/\/global-texture.com\/wp-content\/uploads\/2020\/05\/image0-Kopie-300x225.jpeg 300w, https:\/\/global-texture.com\/wp-content\/uploads\/2020\/05\/image0-Kopie-768x576.jpeg 768w, https:\/\/global-texture.com\/wp-content\/uploads\/2020\/05\/image0-Kopie-1024x768.jpeg 1024w, https:\/\/global-texture.com\/wp-content\/uploads\/2020\/05\/image0-Kopie-580x435.jpeg 580w, https:\/\/global-texture.com\/wp-content\/uploads\/2020\/05\/image0-Kopie-860x645.jpeg 860w, https:\/\/global-texture.com\/wp-content\/uploads\/2020\/05\/image0-Kopie-1160x870.jpeg 1160w, https:\/\/global-texture.com\/wp-content\/uploads\/2020\/05\/image0-Kopie-1320x990.jpeg 1320w, https:\/\/global-texture.com\/wp-content\/uploads\/2020\/05\/image0-Kopie-600x450.jpeg 600w\" sizes=\"(max-width: 2016px) 100vw, 2016px\" \/><div class=\"cmsmasters_img_rollover\"><a href=\"https:\/\/global-texture.com\/?project=grateful\" title=\"Grateful\" class=\"cmsmasters_open_link\"><\/a><\/div><\/figure>\t<\/div>\r\n<\/article>\r\n<!-- Finish Posts Slider Project Article -->\r\n\r\n<\/div><div class=\"cmsmasters_owl_slider_item\"><!-- Start Posts Slider Project Article -->\r\n<article id=\"post-15713\" class=\"cmsmasters_slider_project post-15713 project type-project status-publish format-standard has-post-thumbnail hentry pj-categs-global-texture pj-tags-argentina\">\r\n\t<div class=\"cmsmasters_slider_project_outer\">\r\n\t<figure class=\"cmsmasters_img_rollover_wrap preloader\"><img loading=\"lazy\" decoding=\"async\" width=\"1200\" height=\"1292\" src=\"https:\/\/global-texture.com\/wp-content\/uploads\/2020\/07\/Fischer_1.jpg\" class=\"full-width wp-post-image\" alt=\"Nostalgia\" title=\"Nostalgia\" srcset=\"https:\/\/global-texture.com\/wp-content\/uploads\/2020\/07\/Fischer_1.jpg 1200w, https:\/\/global-texture.com\/wp-content\/uploads\/2020\/07\/Fischer_1-279x300.jpg 279w, https:\/\/global-texture.com\/wp-content\/uploads\/2020\/07\/Fischer_1-768x827.jpg 768w, https:\/\/global-texture.com\/wp-content\/uploads\/2020\/07\/Fischer_1-951x1024.jpg 951w, https:\/\/global-texture.com\/wp-content\/uploads\/2020\/07\/Fischer_1-580x624.jpg 580w, https:\/\/global-texture.com\/wp-content\/uploads\/2020\/07\/Fischer_1-860x926.jpg 860w, https:\/\/global-texture.com\/wp-content\/uploads\/2020\/07\/Fischer_1-1160x1249.jpg 1160w, https:\/\/global-texture.com\/wp-content\/uploads\/2020\/07\/Fischer_1-600x646.jpg 600w\" sizes=\"(max-width: 1200px) 100vw, 1200px\" \/><div class=\"cmsmasters_img_rollover\"><a href=\"https:\/\/global-texture.com\/?project=nostalgia\" title=\"Nostalgia\" class=\"cmsmasters_open_link\"><\/a><\/div><\/figure>\t<\/div>\r\n<\/article>\r\n<!-- Finish Posts Slider Project Article -->\r\n\r\n<\/div><div class=\"cmsmasters_owl_slider_item\"><!-- Start Posts Slider Project Article -->\r\n<article id=\"post-15506\" class=\"cmsmasters_slider_project post-15506 project type-project status-publish format-standard has-post-thumbnail hentry pj-categs-global-texture pj-tags-germany\">\r\n\t<div class=\"cmsmasters_slider_project_outer\">\r\n\t<figure class=\"cmsmasters_img_rollover_wrap preloader\"><img loading=\"lazy\" decoding=\"async\" width=\"1200\" height=\"900\" src=\"https:\/\/global-texture.com\/wp-content\/uploads\/2020\/06\/ElviraEger_foto.jpg\" class=\"full-width wp-post-image\" alt=\"Die Blume des Lebens\" title=\"Die Blume des Lebens\" srcset=\"https:\/\/global-texture.com\/wp-content\/uploads\/2020\/06\/ElviraEger_foto.jpg 1200w, https:\/\/global-texture.com\/wp-content\/uploads\/2020\/06\/ElviraEger_foto-300x225.jpg 300w, https:\/\/global-texture.com\/wp-content\/uploads\/2020\/06\/ElviraEger_foto-768x576.jpg 768w, https:\/\/global-texture.com\/wp-content\/uploads\/2020\/06\/ElviraEger_foto-1024x768.jpg 1024w, https:\/\/global-texture.com\/wp-content\/uploads\/2020\/06\/ElviraEger_foto-580x435.jpg 580w, https:\/\/global-texture.com\/wp-content\/uploads\/2020\/06\/ElviraEger_foto-860x645.jpg 860w, https:\/\/global-texture.com\/wp-content\/uploads\/2020\/06\/ElviraEger_foto-1160x870.jpg 1160w, https:\/\/global-texture.com\/wp-content\/uploads\/2020\/06\/ElviraEger_foto-600x450.jpg 600w\" sizes=\"(max-width: 1200px) 100vw, 1200px\" \/><div class=\"cmsmasters_img_rollover\"><a href=\"https:\/\/global-texture.com\/?project=die-blume-des-lebens\" title=\"Die Blume des Lebens\" class=\"cmsmasters_open_link\"><\/a><\/div><\/figure>\t<\/div>\r\n<\/article>\r\n<!-- Finish Posts Slider Project Article -->\r\n\r\n<\/div><\/div><\/div>\n<\/div><\/div>\n<\/div>\n<\/div>\n<\/div>\n<\/div>\n<\/div>\n\n","protected":false},"excerpt":{"rendered":"","protected":false},"author":1,"featured_media":0,"parent":0,"menu_order":0,"comment_status":"closed","ping_status":"closed","template":"","meta":{"footnotes":""},"yoast_head":"<!-- This site is optimized with the Yoast SEO plugin v14.1 - https:\/\/yoast.com\/wordpress\/plugins\/seo\/ -->\n<title>About me - Global texture - lasst unsere H\u00e4nde sprechen<\/title>\n<meta name=\"robots\" content=\"index, follow\" \/>\n<meta name=\"googlebot\" content=\"index, follow, max-snippet:-1, max-image-preview:large, max-video-preview:-1\" \/>\n<meta name=\"bingbot\" content=\"index, follow, max-snippet:-1, max-image-preview:large, max-video-preview:-1\" \/>\n<link rel=\"canonical\" href=\"https:\/\/global-texture.com\/about-me\/\" \/>\n<meta property=\"og:locale\" content=\"de_DE\" \/>\n<meta property=\"og:type\" content=\"article\" \/>\n<meta property=\"og:title\" content=\"About me - Global texture - lasst unsere H\u00e4nde sprechen\" \/>\n<meta property=\"og:url\" content=\"https:\/\/global-texture.com\/about-me\/\" \/>\n<meta property=\"og:site_name\" content=\"Global texture - lasst unsere H\u00e4nde sprechen\" \/>\n<meta property=\"article:modified_time\" content=\"2020-06-20T20:24:57+00:00\" \/>\n<meta name=\"twitter:card\" content=\"summary_large_image\" \/>\n<script type=\"application\/ld+json\" class=\"yoast-schema-graph\">{\"@context\":\"https:\/\/schema.org\",\"@graph\":[{\"@type\":\"WebSite\",\"@id\":\"https:\/\/global-texture.com\/#website\",\"url\":\"https:\/\/global-texture.com\/\",\"name\":\"Global texture - lasst unsere H\\u00e4nde sprechen\",\"description\":\"Ein Taschentuchprojekt\",\"potentialAction\":[{\"@type\":\"SearchAction\",\"target\":\"https:\/\/global-texture.com\/?s={search_term_string}\",\"query-input\":\"required name=search_term_string\"}],\"inLanguage\":\"de-DE\"},{\"@type\":\"WebPage\",\"@id\":\"https:\/\/global-texture.com\/about-me\/#webpage\",\"url\":\"https:\/\/global-texture.com\/about-me\/\",\"name\":\"About me - Global texture - lasst unsere H\\u00e4nde sprechen\",\"isPartOf\":{\"@id\":\"https:\/\/global-texture.com\/#website\"},\"datePublished\":\"2015-04-20T11:50:56+00:00\",\"dateModified\":\"2020-06-20T20:24:57+00:00\",\"inLanguage\":\"de-DE\",\"potentialAction\":[{\"@type\":\"ReadAction\",\"target\":[\"https:\/\/global-texture.com\/about-me\/\"]}]}]}<\/script>\n<!-- \/ Yoast SEO plugin. -->","_links":{"self":[{"href":"https:\/\/global-texture.com\/index.php?rest_route=\/wp\/v2\/pages\/529"}],"collection":[{"href":"https:\/\/global-texture.com\/index.php?rest_route=\/wp\/v2\/pages"}],"about":[{"href":"https:\/\/global-texture.com\/index.php?rest_route=\/wp\/v2\/types\/page"}],"author":[{"embeddable":true,"href":"https:\/\/global-texture.com\/index.php?rest_route=\/wp\/v2\/users\/1"}],"replies":[{"embeddable":true,"href":"https:\/\/global-texture.com\/index.php?rest_route=%2Fwp%2Fv2%2Fcomments&post=529"}],"version-history":[{"count":10,"href":"https:\/\/global-texture.com\/index.php?rest_route=\/wp\/v2\/pages\/529\/revisions"}],"predecessor-version":[{"id":15530,"href":"https:\/\/global-texture.com\/index.php?rest_route=\/wp\/v2\/pages\/529\/revisions\/15530"}],"wp:attachment":[{"href":"https:\/\/global-texture.com\/index.php?rest_route=%2Fwp%2Fv2%2Fmedia&parent=529"}],"curies":[{"name":"wp","href":"https:\/\/api.w.org\/{rel}","templated":true}]}}